{"id":8793,"date":"2021-11-25T14:22:18","date_gmt":"2021-11-25T13:22:18","guid":{"rendered":"https:\/\/www.upm.es\/recursosidi\/offers-resources\/sin%20categor\u00eda\/procedimiento-de-evaluacion-de-la-calidad-de-lotes-de-planchas-de-corcho\/"},"modified":"2022-08-10T02:22:41","modified_gmt":"2022-08-10T00:22:41","slug":"procedimiento-de-evaluacion-de-la-calidad-de-lotes-de-planchas-de-corcho","status":"publish","type":"product","link":"https:\/\/www.upm.es\/recursosidi\/offers-resources\/patentes\/procedimiento-de-evaluacion-de-la-calidad-de-lotes-de-planchas-de-corcho\/","title":{"rendered":"PROCEDIMIENTO DE EVALUACI\u00d3N DE LA CALIDAD DE LOTES DE PLANCHAS DE CORCHO"},"content":{"rendered":"<h5>Descripci\u00f3n de la patente <\/h5>\n<p style=\"text-align: justify\">Procedimiento de evaluaci&oacute;n de la calidad de lotes de<br \/>planchas de corcho, que comprende las etapas de:<br \/>estimar un n&uacute;mero &oacute;ptimo de im&aacute;genes (n) necesario<br \/>para muestrear el lote, obtener un n&uacute;mero de secciones<br \/>de planchas de corcho igual al n&uacute;mero &oacute;ptimo, tomar<br \/>una imagen de cada secci&oacute;n de plancha; clasificar cada<br \/>imagen como taponable o refugo; expresar la calidad<br \/>del lote como porcentaje estimado de refugo (R); y<br \/>calcular un intervalo de confianza como:<\/p>\n<p style=\"text-align: justify\"><img decoding=\"async\" src=\"https:\/\/www.upm.es\/S2i\/Acuse\/recuperarArchivo.jsp?id=1651&amp;id_archivo=12538&amp;tipo=patente&amp;extension=imagen\" alt=\"formula\" width=\"273\" height=\"78\" \/><\/p>\n<p>Donde R es el porcentaje de refugo obtenido, n el<br \/>n&uacute;mero &oacute;ptimo de im&aacute;genes y Z&alpha;\/2 el valor de la<br \/>distribuci&oacute;n t de Student para un nivel de confianza &alpha; y<br \/>n grados de libertad.<\/p>\n<p><img fetchpriority=\"high\" decoding=\"async\" src=\"https:\/\/www.upm.es\/S2i\/Acuse\/recuperarArchivo.jsp?id=1651&amp;id_archivo=12540&amp;tipo=patente&amp;extension=imagen\" alt=\"Figura 1\" width=\"359\" height=\"270\" \/><\/p>\n<h5>N\u00famero de solicitud<\/h5>\n<p>P202030801<\/p>\n<h5>N\u00famero de publicaci\u00f3n<\/h5>\n<p>ES2826648<\/p>\n<h5>Fecha de presentaci\u00f3n <\/h5>\n<p>29\/07\/2020<\/p>\n<h5>Fecha de publicaci\u00f3n <\/h5>\n<p>18\/05\/2021<\/p>\n<div class=\"pdfprnt-buttons pdfprnt-buttons-product pdfprnt-bottom-left\"><a href=\"https:\/\/www.upm.es\/recursosidi\/wp-json\/wp\/v2\/product\/8793?print=pdf\" class=\"pdfprnt-button pdfprnt-button-pdf\" target=\"_blank\"><span class=\"pdfprnt-button-title pdfprnt-button-pdf-title\">Descargar ficha<\/span><\/a><\/div>","protected":false},"excerpt":{"rendered":"<p>Descripci\u00f3n de la patente Procedimiento de evaluaci&oacute;n de la calidad de lotes deplanchas de corcho, que comprende las etapas de:estimar un n&uacute;mero &oacute;ptimo de im&aacute;genes&hellip;<\/p>\n","protected":false},"featured_media":0,"template":"","meta":{"_acf_changed":false},"product_cat":[3946],"product_tag":[2493],"comunidades-upm":[],"quien":[],"mapa":[{"term_id":135,"name":"Industria, materiales y econom\u00eda circular","slug":"industria-materiales-economia_circular","term_group":0,"term_taxonomy_id":135,"taxonomy":"mapa","description":"","parent":0,"count":165,"filter":"raw","term_order":"13"}],"disponibilidad":[],"donde":[{"term_id":292,"name":"Tecnolog\u00eda de la Madera y el Corcho","slug":"tecnologia-de-la-madera-y-el-corcho","term_group":0,"term_taxonomy_id":292,"taxonomy":"donde","description":"","parent":0,"count":3,"filter":"raw","term_order":"0"}],"infraestructura":[],"ods":[],"origen":[{"term_id":180,"name":"Patente","slug":"patente","term_group":0,"term_taxonomy_id":180,"taxonomy":"origen","description":"","parent":0,"count":614,"filter":"raw","term_order":"0"}],"familia_tax":false,"quien_tax":false,"donde_tax":false,"year":"","contacto":"<strong>Principales: <\/strong><ul><li>JOSE RAMON GONZALEZ ADRADOS <blockquote><strong>joseramon.gonzalez.adrados@upm.es<\/strong><\/blockquote><\/li><\/ul><strong>Otros inventores UPM: <\/strong><ul><li>Jorge Benito L\u00f3pez E.T.S.I. de Montes, Forestal y del Medio Natural<\/li><\/ul><strong>Otros inventores: <\/strong><ul><li>Ra\u00falLanzo Palacios CICYTEX Instituto del Corcho, la Madera y el Carb\u00f3n Vegetal<\/li> <li>FranciscoRubio Corchero CICYTEX Instituto del Corcho, la Madera y el Carb\u00f3n Vegetal<\/li> <li>Ram\u00f3nSantiago Beltr\u00e1n CICYTEX Instituto del Corcho, la Madera y el Carb\u00f3n Vegetal<\/li> <li>Mar\u00eda FelisaS\u00e1nchez Auni\u00f3n AMAYA Agencia de Medio Ambiente y Agua de Andaluc\u00ed\u00ada<\/li> <li>Mar\u00eda Jos\u00e9Arias Garc\u00eda <blockquote><strong> <\/strong><\/blockquote> AMAYA Agencia de Medio Ambiente y Agua de Andaluc\u00ed\u00ada<\/li> <li>Mar\u00eda de la OS\u00e1nchez Gonz\u00e1lez INIA - Instituto Nacional de Investigacion y Tecnologia Agraria y Alimentaria<\/li> <\/ul>","telefono":"","pagina_web":"","email":"","id_ficha_portal":"1651","video":"","adjuntos":false,"adjuntos_portal":"","inf":false,"departamento":"","acf":[],"lang":"es","translation":{"es":8793},"_links":{"self":[{"href":"https:\/\/www.upm.es\/recursosidi\/wp-json\/wp\/v2\/product\/8793"}],"collection":[{"href":"https:\/\/www.upm.es\/recursosidi\/wp-json\/wp\/v2\/product"}],"about":[{"href":"https:\/\/www.upm.es\/recursosidi\/wp-json\/wp\/v2\/types\/product"}],"wp:attachment":[{"href":"https:\/\/www.upm.es\/recursosidi\/wp-json\/wp\/v2\/media?parent=8793"}],"wp:term":[{"taxonomy":"product_cat","embeddable":true,"href":"https:\/\/www.upm.es\/recursosidi\/wp-json\/wp\/v2\/product_cat?post=8793"},{"taxonomy":"product_tag","embeddable":true,"href":"https:\/\/www.upm.es\/recursosidi\/wp-json\/wp\/v2\/product_tag?post=8793"},{"taxonomy":"comunidad_upm","embeddable":true,"href":"https:\/\/www.upm.es\/recursosidi\/wp-json\/wp\/v2\/comunidades-upm?post=8793"},{"taxonomy":"quien","embeddable":true,"href":"https:\/\/www.upm.es\/recursosidi\/wp-json\/wp\/v2\/quien?post=8793"},{"taxonomy":"mapa","embeddable":true,"href":"https:\/\/www.upm.es\/recursosidi\/wp-json\/wp\/v2\/mapa?post=8793"},{"taxonomy":"disponibilidad","embeddable":true,"href":"https:\/\/www.upm.es\/recursosidi\/wp-json\/wp\/v2\/disponibilidad?post=8793"},{"taxonomy":"donde","embeddable":true,"href":"https:\/\/www.upm.es\/recursosidi\/wp-json\/wp\/v2\/donde?post=8793"},{"taxonomy":"infraestructura","embeddable":true,"href":"https:\/\/www.upm.es\/recursosidi\/wp-json\/wp\/v2\/infraestructura?post=8793"},{"taxonomy":"ods","embeddable":true,"href":"https:\/\/www.upm.es\/recursosidi\/wp-json\/wp\/v2\/ods?post=8793"},{"taxonomy":"origen","embeddable":true,"href":"https:\/\/www.upm.es\/recursosidi\/wp-json\/wp\/v2\/origen?post=8793"}],"curies":[{"name":"wp","href":"https:\/\/api.w.org\/{rel}","templated":true}]}}