{"id":8801,"date":"2021-11-25T14:22:50","date_gmt":"2021-11-25T13:22:50","guid":{"rendered":"https:\/\/www.upm.es\/recursosidi\/offers-resources\/sin%20categor\u00eda\/medios-de-monitorizacion-del-contenido-de-agua-de-amasadode-un-sistema-de-encofrado-de-elementos-de-construccion\/"},"modified":"2026-01-13T02:30:35","modified_gmt":"2026-01-13T01:30:35","slug":"medios-de-monitorizacion-del-contenido-de-agua-de-amasadode-un-sistema-de-encofrado-de-elementos-de-construccion","status":"publish","type":"product","link":"https:\/\/www.upm.es\/recursosidi\/offers-resources\/patentes\/medios-de-monitorizacion-del-contenido-de-agua-de-amasadode-un-sistema-de-encofrado-de-elementos-de-construccion\/","title":{"rendered":"Medios de monitorizaci\u00f3n del contenido de agua de amasado\r\nde un sistema de encofrado de elementos de construcci\u00f3n."},"content":{"rendered":"<h5>Descripci\u00f3n de la patente <\/h5>\n<p>Sistema de encofrado de elementos de construcci&oacute;n,<br \/>con medios de monitorizaci&oacute;n del contenido de agua<br \/>de amasado, que comprende: un molde de encofrado<br \/>(1, 4) para alojar mortero de alba&ntilde;iler&iacute;a (5);<br \/>contramoldes (2) en dos caras opuestas (4) del molde<br \/>y medios de monitorizaci&oacute;n provistos de un sensor<br \/>capacitivo con dos placas planas conductoras (3)<br \/>alojadas en los contramoldes; un circuito de corriente<br \/>alterna (12, 13, 14, 15, 16) con un elemento resistivo<br \/>(16) y un elemento inductivo (12); medios de medici&oacute;n<br \/>(13) de la frecuencia de resonancia de dicho circuito y<br \/>medios de procesado (14).<\/p>\n<p><img fetchpriority=\"high\" decoding=\"async\" src=\"https:\/\/www.upm.es\/S2i\/Acuse\/recuperarArchivo.jsp?id=1593&amp;id_archivo=12566&amp;tipo=patente&amp;extension=imagen\" alt=\"Figura 1\" width=\"346\" height=\"177\" \/><\/p>\n<h5>N\u00famero de solicitud<\/h5>\n<p>U202030839<\/p>\n<h5>N\u00famero de publicaci\u00f3n<\/h5>\n<p>ES2745816<\/p>\n<h5>Fecha de presentaci\u00f3n <\/h5>\n<p>28\/11\/2019<\/p>\n<h5>Fecha de publicaci\u00f3n <\/h5>\n<p>21\/07\/2020<\/p>\n<h5>Fecha de concesi\u00f3n <\/h5>\n<p>06\/10\/2020<\/p>\n<div class=\"pdfprnt-buttons pdfprnt-buttons-product pdfprnt-bottom-left\"><a href=\"https:\/\/www.upm.es\/recursosidi\/wp-json\/wp\/v2\/product\/8801?print=pdf\" class=\"pdfprnt-button pdfprnt-button-pdf\" target=\"_blank\"><span class=\"pdfprnt-button-title pdfprnt-button-pdf-title\">Descargar ficha<\/span><\/a><\/div>","protected":false},"excerpt":{"rendered":"<p>Descripci\u00f3n de la patente Sistema de encofrado de elementos de construcci&oacute;n,con medios de monitorizaci&oacute;n del contenido de aguade amasado, que comprende: un molde de encofrado(1,&hellip;<\/p>\n","protected":false},"featured_media":0,"template":"","meta":{"_acf_changed":false},"product_cat":[3946],"product_tag":[4093,2425,4092,4090,2492,4091],"comunidades-upm":[],"quien":[],"mapa":[{"term_id":124,"name":"Arquitectura, Baukultur y creatividad","slug":"arquitectura-baukultur-creatividad","term_group":0,"term_taxonomy_id":124,"taxonomy":"mapa","description":"","parent":0,"count":25,"filter":"raw","term_order":"4"}],"disponibilidad":[],"donde":[{"term_id":3423,"name":"Monitorizaci\u00f3n e Innovaci\u00f3n Tecnol\u00f3gica en Edificaci\u00f3n (MITE)","slug":"monitorizacion-e-innovacion-tecnologica-en-edificacion-mite","term_group":0,"term_taxonomy_id":3423,"taxonomy":"donde","description":"","parent":0,"count":26,"filter":"raw","term_order":"0"}],"infraestructura":[],"ods":[],"origen":[{"term_id":180,"name":"Patente","slug":"patente","term_group":0,"term_taxonomy_id":180,"taxonomy":"origen","description":"","parent":0,"count":614,"filter":"raw","term_order":"0"}],"familia_tax":false,"quien_tax":false,"donde_tax":false,"year":"","contacto":"<strong>Principales: <\/strong><ul><li>Daniel Ferr\u00e1ndez Vega <blockquote><strong>daniel.fvega@upm.es<\/strong><\/blockquote><\/li><li>Carlos Mor\u00f3n Fern\u00e1ndez <blockquote><strong>carlos.moron@upm.es<\/strong><\/blockquote><\/li><\/ul><strong>Otros investigadores UPM: <\/strong><ul><li>Engerst Yedra \u00c1lvarez E.T.S. de Edificaci\u00f3n<\/li><\/ul><strong>Otros inventores: <\/strong><ul><li>Pablo S\u00e1inz Mart\u00ednez UNIVERSIDAD REY JUAN CARLOS<\/li> <\/ul>","telefono":"","pagina_web":"","email":"","id_ficha_portal":"1593","video":"","adjuntos":false,"adjuntos_portal":"https:\/\/www.upm.es\/S2i\/Acuse\/recuperarArchivo.jsp?id=1593&id_archivo=11212&tipo=patente&extension=fichero ","inf":false,"departamento":"","acf":[],"lang":"es","translation":{"es":8801},"_links":{"self":[{"href":"https:\/\/www.upm.es\/recursosidi\/wp-json\/wp\/v2\/product\/8801"}],"collection":[{"href":"https:\/\/www.upm.es\/recursosidi\/wp-json\/wp\/v2\/product"}],"about":[{"href":"https:\/\/www.upm.es\/recursosidi\/wp-json\/wp\/v2\/types\/product"}],"wp:attachment":[{"href":"https:\/\/www.upm.es\/recursosidi\/wp-json\/wp\/v2\/media?parent=8801"}],"wp:term":[{"taxonomy":"product_cat","embeddable":true,"href":"https:\/\/www.upm.es\/recursosidi\/wp-json\/wp\/v2\/product_cat?post=8801"},{"taxonomy":"product_tag","embeddable":true,"href":"https:\/\/www.upm.es\/recursosidi\/wp-json\/wp\/v2\/product_tag?post=8801"},{"taxonomy":"comunidad_upm","embeddable":true,"href":"https:\/\/www.upm.es\/recursosidi\/wp-json\/wp\/v2\/comunidades-upm?post=8801"},{"taxonomy":"quien","embeddable":true,"href":"https:\/\/www.upm.es\/recursosidi\/wp-json\/wp\/v2\/quien?post=8801"},{"taxonomy":"mapa","embeddable":true,"href":"https:\/\/www.upm.es\/recursosidi\/wp-json\/wp\/v2\/mapa?post=8801"},{"taxonomy":"disponibilidad","embeddable":true,"href":"https:\/\/www.upm.es\/recursosidi\/wp-json\/wp\/v2\/disponibilidad?post=8801"},{"taxonomy":"donde","embeddable":true,"href":"https:\/\/www.upm.es\/recursosidi\/wp-json\/wp\/v2\/donde?post=8801"},{"taxonomy":"infraestructura","embeddable":true,"href":"https:\/\/www.upm.es\/recursosidi\/wp-json\/wp\/v2\/infraestructura?post=8801"},{"taxonomy":"ods","embeddable":true,"href":"https:\/\/www.upm.es\/recursosidi\/wp-json\/wp\/v2\/ods?post=8801"},{"taxonomy":"origen","embeddable":true,"href":"https:\/\/www.upm.es\/recursosidi\/wp-json\/wp\/v2\/origen?post=8801"}],"curies":[{"name":"wp","href":"https:\/\/api.w.org\/{rel}","templated":true}]}}