{"id":8816,"date":"2021-11-25T14:24:19","date_gmt":"2021-11-25T13:24:19","guid":{"rendered":"https:\/\/www.upm.es\/recursosidi\/offers-resources\/sin%20categor\u00eda\/calzado-con-aleta-integrada-destinado-a-la-realizacion-de-actividades-acuaticas\/"},"modified":"2025-01-31T02:47:20","modified_gmt":"2025-01-31T01:47:20","slug":"calzado-con-aleta-integrada-destinado-a-la-realizacion-de-actividades-acuaticas","status":"publish","type":"product","link":"https:\/\/www.upm.es\/recursosidi\/offers-resources\/patentes\/calzado-con-aleta-integrada-destinado-a-la-realizacion-de-actividades-acuaticas\/","title":{"rendered":"Calzado con aleta integrada destinado a la realizaci\u00f3n de actividades acu\u00e1ticas"},"content":{"rendered":"<h5>Descripci\u00f3n de la patente <\/h5>\n<p>Calzado con aleta integrada destinado a la realizaci&oacute;n<br \/>de actividades acu&aacute;ticas que permite ser utilizado<br \/>para los estilos de nataci&oacute;n de crol y espalda, que<br \/>puede utilizarse como calzado convencional fuera del<br \/>agua a voluntad del usuario. Comprende un calzante<br \/>y una aleta plegable, totalmente integrados. La aleta<br \/>plegable se encuentra incorporada al calzante<br \/>mediante una estructura de flejes de acero<br \/>recubiertos por silicona, el mismo material que el<br \/>calzante. Sin embargo, para permitir el plegado de la<br \/>aleta, entre la estructura de flejes de acero<br \/>recubiertos por silicona se encuentra una membrana<br \/>laminar de neopreno. Cuando se vaya a ejecutar la<br \/>acci&oacute;n de nadar, el calzado permitir&aacute; la apertura de la<br \/>aleta. Al finalizar la actividad natatoria, la aleta podr&aacute;<br \/>plegarse para poder ser utilizada como si de un<br \/>calzado convencional se tratase.<\/p>\n<p><img fetchpriority=\"high\" decoding=\"async\" src=\"https:\/\/www.upm.es\/S2i\/Acuse\/recuperarArchivo.jsp?id=1624&amp;id_archivo=12556&amp;tipo=patente&amp;extension=imagen\" alt=\"Figura 2\" width=\"315\" height=\"306\" \/><\/p>\n<h5>Situaci\u00f3n <\/h5>\n<p>Concedida<\/p>\n<h5>N\u00famero de solicitud<\/h5>\n<p>U202032543<\/p>\n<h5>N\u00famero de publicaci\u00f3n<\/h5>\n<p>ES1278787<\/p>\n<h5>Fecha de presentaci\u00f3n <\/h5>\n<p>19\/03\/2020<\/p>\n<h5>Fecha de publicaci\u00f3n <\/h5>\n<p>24\/09\/2020<\/p>\n<h5>Fecha de concesi\u00f3n <\/h5>\n<p>23\/12\/2021<\/p>\n<div class=\"pdfprnt-buttons pdfprnt-buttons-product pdfprnt-bottom-left\"><a href=\"https:\/\/www.upm.es\/recursosidi\/wp-json\/wp\/v2\/product\/8816?print=pdf\" class=\"pdfprnt-button pdfprnt-button-pdf\" target=\"_blank\"><span class=\"pdfprnt-button-title pdfprnt-button-pdf-title\">Descargar ficha<\/span><\/a><\/div>","protected":false},"excerpt":{"rendered":"<p>Descripci\u00f3n de la patente Calzado con aleta integrada destinado a la realizaci&oacute;nde actividades acu&aacute;ticas que permite ser utilizadopara los estilos de nataci&oacute;n de crol y&hellip;<\/p>\n","protected":false},"featured_media":0,"template":"","meta":{"_acf_changed":false},"product_cat":[3946],"product_tag":[4140,3983,4139,4141,4143,4142],"comunidades-upm":[],"quien":[],"mapa":[{"term_id":122,"name":"Salud y bienestar","slug":"salud-y-bienestar","term_group":0,"term_taxonomy_id":122,"taxonomy":"mapa","description":"","parent":0,"count":105,"filter":"raw","term_order":"17"}],"disponibilidad":[],"donde":[{"term_id":392,"name":"Bioingenier\u00eda y Materiales (BIO-MAT)","slug":"bioingenieria-y-materiales-bio-mat","term_group":0,"term_taxonomy_id":392,"taxonomy":"donde","description":"En el <a href=\"http:\/\/www.upm.es\/observatorio\/vi\/index.jsp?pageac=grupo.jsp&amp;idGrupo=222\">Grupo de Bioingenier&iacute;a y Materiales (BIO-MAT)<\/a> desarrollamos nuestro trabajo en base a las siguientes l&iacute;neas de investigaci&oacute;n:\n&nbsp;\n\nBiopel&iacute;culas, Biodeterioro y Corrosi&oacute;n Microbiana\nBiodegradaci&oacute;n y Biorremediaci&oacute;n\nNanotecnolog&iacute;a de Pol&iacute;meros y Biopol&iacute;meros\nComportamiento de Materiales en Servicio\nSinterizados y Nuevos Materiales\nMicrobiolog&iacute;a Molecular y Biotecnolog&iacute;a\n","parent":0,"count":17,"filter":"raw","term_order":"0"},{"term_id":498,"name":"Dise\u00f1o y fabricaci\u00f3n industrial","slug":"diseno-y-fabricacion-industrial","term_group":0,"term_taxonomy_id":498,"taxonomy":"donde","description":"","parent":0,"count":18,"filter":"raw","term_order":"0"}],"infraestructura":[],"ods":[],"origen":[{"term_id":180,"name":"Patente","slug":"patente","term_group":0,"term_taxonomy_id":180,"taxonomy":"origen","description":"","parent":0,"count":614,"filter":"raw","term_order":"0"}],"familia_tax":false,"quien_tax":false,"donde_tax":false,"year":"","contacto":"<strong>Principales: <\/strong><ul><li>MARIA DEL MAR RECIO DIAZ <blockquote><strong>mariadelmar.recio@upm.es<\/strong><\/blockquote><\/li><li>PEDRO ARMISEN BOBO <blockquote><strong>pedro.armisen@upm.es<\/strong><\/blockquote><\/li><\/ul><strong>Otros investigadores UPM: <\/strong><ul><li>Coraima D\u00edaz Rivero E.T.S. de Ingenier\u00eda y Dise\u00f1o Industrial<\/li><\/ul>","telefono":"","pagina_web":"","email":"","id_ficha_portal":"1624","video":"","adjuntos":false,"adjuntos_portal":"https:\/\/www.upm.es\/S2i\/Acuse\/recuperarArchivo.jsp?id=1624&id_archivo=12389&tipo=patente&extension=fichero ","inf":false,"departamento":"","acf":[],"lang":"es","translation":{"es":8816},"_links":{"self":[{"href":"https:\/\/www.upm.es\/recursosidi\/wp-json\/wp\/v2\/product\/8816"}],"collection":[{"href":"https:\/\/www.upm.es\/recursosidi\/wp-json\/wp\/v2\/product"}],"about":[{"href":"https:\/\/www.upm.es\/recursosidi\/wp-json\/wp\/v2\/types\/product"}],"wp:attachment":[{"href":"https:\/\/www.upm.es\/recursosidi\/wp-json\/wp\/v2\/media?parent=8816"}],"wp:term":[{"taxonomy":"product_cat","embeddable":true,"href":"https:\/\/www.upm.es\/recursosidi\/wp-json\/wp\/v2\/product_cat?post=8816"},{"taxonomy":"product_tag","embeddable":true,"href":"https:\/\/www.upm.es\/recursosidi\/wp-json\/wp\/v2\/product_tag?post=8816"},{"taxonomy":"comunidad_upm","embeddable":true,"href":"https:\/\/www.upm.es\/recursosidi\/wp-json\/wp\/v2\/comunidades-upm?post=8816"},{"taxonomy":"quien","embeddable":true,"href":"https:\/\/www.upm.es\/recursosidi\/wp-json\/wp\/v2\/quien?post=8816"},{"taxonomy":"mapa","embeddable":true,"href":"https:\/\/www.upm.es\/recursosidi\/wp-json\/wp\/v2\/mapa?post=8816"},{"taxonomy":"disponibilidad","embeddable":true,"href":"https:\/\/www.upm.es\/recursosidi\/wp-json\/wp\/v2\/disponibilidad?post=8816"},{"taxonomy":"donde","embeddable":true,"href":"https:\/\/www.upm.es\/recursosidi\/wp-json\/wp\/v2\/donde?post=8816"},{"taxonomy":"infraestructura","embeddable":true,"href":"https:\/\/www.upm.es\/recursosidi\/wp-json\/wp\/v2\/infraestructura?post=8816"},{"taxonomy":"ods","embeddable":true,"href":"https:\/\/www.upm.es\/recursosidi\/wp-json\/wp\/v2\/ods?post=8816"},{"taxonomy":"origen","embeddable":true,"href":"https:\/\/www.upm.es\/recursosidi\/wp-json\/wp\/v2\/origen?post=8816"}],"curies":[{"name":"wp","href":"https:\/\/api.w.org\/{rel}","templated":true}]}}