{"id":8821,"date":"2021-11-25T14:24:36","date_gmt":"2021-11-25T13:24:36","guid":{"rendered":"https:\/\/www.upm.es\/recursosidi\/offers-resources\/sin%20categor\u00eda\/mascarilla-respiratoria-estetica-modular\/"},"modified":"2025-09-24T03:35:46","modified_gmt":"2025-09-24T01:35:46","slug":"mascarilla-respiratoria-estetica-modular","status":"publish","type":"product","link":"https:\/\/www.upm.es\/recursosidi\/offers-resources\/patentes\/mascarilla-respiratoria-estetica-modular\/","title":{"rendered":"Mascarilla respiratoria modular"},"content":{"rendered":"<h5>Descripci\u00f3n de la patente <\/h5>\n<p>Mascarilla respiratoria modular formada por varios<br \/>componentes: una carcasa (1) bucal, una pieza<br \/>tubular curvada (5), una almohadilla (2), unas olivas<br \/>nasales (3), una estructura tubular (4) en forma de Y,<br \/>y un dispositivo de correa (6). Lo innovador de la<br \/>invenci&oacute;n es la posible combinaci&oacute;n de carcasas<br \/>bucales grandes con olivas nasales peque&ntilde;as, y<br \/>viceversa, con el fin de ser utilizadas por un mayor<br \/>n&uacute;mero de usuarios, as&iacute; como poder intercambiar las<br \/>distintas piezas, de manera que se pueda tener una<br \/>respiraci&oacute;n oronasal, nasal y bucal sin necesidad de<br \/>adquirir distintas mascarillas y as&iacute; facilitar la interfaz<br \/>din&aacute;mica y una mejor adaptaci&oacute;n del enfermo. Al<br \/>tratarse de m&oacute;dulos de peque&ntilde;as dimensiones se<br \/>consigue un menor impacto visual. As&iacute; mismo, al<br \/>estar fabricados los marcos de material transparente y<br \/>permitir por su tama&ntilde;o y forma la conversaci&oacute;n, se<br \/>disminuye la barrera entre enfermo y la sociedad.<\/p>\n<p><img fetchpriority=\"high\" decoding=\"async\" src=\"https:\/\/www.upm.es\/S2i\/Acuse\/recuperarArchivo.jsp?id=1557&amp;id_archivo=12617&amp;tipo=patente&amp;extension=imagen\" alt=\"Figura 1\" width=\"439\" height=\"377\" \/><\/p>\n<h5>N\u00famero de solicitud<\/h5>\n<p>P201930624<\/p>\n<h5>N\u00famero de publicaci\u00f3n<\/h5>\n<p>ES2733337<\/p>\n<h5>Fecha de presentaci\u00f3n <\/h5>\n<p>05\/07\/2019<\/p>\n<h5>Fecha de publicaci\u00f3n <\/h5>\n<p>28\/11\/2019<\/p>\n<h5>Fecha de concesi\u00f3n <\/h5>\n<p>02\/07\/2020<\/p>\n<div class=\"pdfprnt-buttons pdfprnt-buttons-product pdfprnt-bottom-left\"><a href=\"https:\/\/www.upm.es\/recursosidi\/wp-json\/wp\/v2\/product\/8821?print=pdf\" class=\"pdfprnt-button pdfprnt-button-pdf\" target=\"_blank\"><span class=\"pdfprnt-button-title pdfprnt-button-pdf-title\">Descargar ficha<\/span><\/a><\/div>","protected":false},"excerpt":{"rendered":"<p>Descripci\u00f3n de la patente Mascarilla respiratoria modular formada por varioscomponentes: una carcasa (1) bucal, una piezatubular curvada (5), una almohadilla (2), unas olivasnasales (3), una&hellip;<\/p>\n","protected":false},"featured_media":0,"template":"","meta":{"_acf_changed":false},"product_cat":[3946],"product_tag":[4332],"comunidades-upm":[],"quien":[],"mapa":[{"term_id":122,"name":"Salud y bienestar","slug":"salud-y-bienestar","term_group":0,"term_taxonomy_id":122,"taxonomy":"mapa","description":"","parent":0,"count":105,"filter":"raw","term_order":"17"}],"disponibilidad":[],"donde":[{"term_id":4598,"name":"Centro Tecnol\u00f3gico de Seguridad y Calidad en Industrias Energ\u00e9ticas y Minas (TECMINERGY)","slug":"centro-tecnologico-de-seguridad-y-calidad-en-industrias-energeticas-y-minas-tecminergy","term_group":0,"term_taxonomy_id":4598,"taxonomy":"donde","description":"","parent":0,"count":8,"filter":"raw","term_order":"0"},{"term_id":304,"name":"Edificaci\u00f3n, Infraestructura y Proyectos en Ingenier\u00eda Rural y Medioambiental (EIPIRMA)","slug":"edificacion-infraestructura-y-proyectos-en-ingenieria-rural-y-medioambiental-eipirma","term_group":0,"term_taxonomy_id":304,"taxonomy":"donde","description":"Realizamos trabajos de investigaci&oacute;n y colaboramos con empresas en su innovaci&oacute;n y desarrollo\n&nbsp;\nLas principales <strong>l&iacute;neas de investigaci&oacute;n<\/strong> del grupo son:\n\nSilos Agr&iacute;colas.\nM&eacute;todos Num&eacute;ricos en la Ingenier&iacute;a Rural y Medioambiental.\nM&eacute;todos estad&iacute;sticos en la Ingenier&iacute;a Rural y Medioambiental.\nIngenier&iacute;a del paisaje y espacios verdes.\nEdificaci&oacute;n Rural.\nAplicaciones de los Sistemas de Informaci&oacute;n Geogr&aacute;fica en la Ingenier&iacute;a Rural y Medioambiental.\nCaminos Rurales.\nGesti&oacute;n del conocimiento, informaci&oacute;n y educaci&oacute;n.\nHidrolog&iacute;a superficial y peque&ntilde;os embalses.\n","parent":0,"count":4,"filter":"raw","term_order":"0"}],"infraestructura":[],"ods":[],"origen":[{"term_id":180,"name":"Patente","slug":"patente","term_group":0,"term_taxonomy_id":180,"taxonomy":"origen","description":"","parent":0,"count":614,"filter":"raw","term_order":"0"}],"familia_tax":false,"quien_tax":false,"donde_tax":false,"year":"","contacto":"<strong>Principales: <\/strong><ul><li>\u00c1lvaro Ram\u00edrez G\u00f3mez <blockquote><strong>alvaro.ramirez@upm.es<\/strong><\/blockquote><\/li><\/ul><strong>Otros investigadores UPM: <\/strong><ul><li>Mar\u00eda de la Sierra Gonz\u00e1lez-Palencia Soria E.T.S. de Ingenier\u00eda y Dise\u00f1o Industrial<\/li><li>Alicia Mu\u00f1oz Segovia <\/li><\/ul>","telefono":"","pagina_web":"","email":"","id_ficha_portal":"1557","video":"","adjuntos":false,"adjuntos_portal":"https:\/\/www.upm.es\/S2i\/Acuse\/recuperarArchivo.jsp?id=1557&id_archivo=11185&tipo=patente&extension=fichero ","inf":false,"departamento":"","acf":[],"lang":"es","translation":{"es":8821},"_links":{"self":[{"href":"https:\/\/www.upm.es\/recursosidi\/wp-json\/wp\/v2\/product\/8821"}],"collection":[{"href":"https:\/\/www.upm.es\/recursosidi\/wp-json\/wp\/v2\/product"}],"about":[{"href":"https:\/\/www.upm.es\/recursosidi\/wp-json\/wp\/v2\/types\/product"}],"wp:attachment":[{"href":"https:\/\/www.upm.es\/recursosidi\/wp-json\/wp\/v2\/media?parent=8821"}],"wp:term":[{"taxonomy":"product_cat","embeddable":true,"href":"https:\/\/www.upm.es\/recursosidi\/wp-json\/wp\/v2\/product_cat?post=8821"},{"taxonomy":"product_tag","embeddable":true,"href":"https:\/\/www.upm.es\/recursosidi\/wp-json\/wp\/v2\/product_tag?post=8821"},{"taxonomy":"comunidad_upm","embeddable":true,"href":"https:\/\/www.upm.es\/recursosidi\/wp-json\/wp\/v2\/comunidades-upm?post=8821"},{"taxonomy":"quien","embeddable":true,"href":"https:\/\/www.upm.es\/recursosidi\/wp-json\/wp\/v2\/quien?post=8821"},{"taxonomy":"mapa","embeddable":true,"href":"https:\/\/www.upm.es\/recursosidi\/wp-json\/wp\/v2\/mapa?post=8821"},{"taxonomy":"disponibilidad","embeddable":true,"href":"https:\/\/www.upm.es\/recursosidi\/wp-json\/wp\/v2\/disponibilidad?post=8821"},{"taxonomy":"donde","embeddable":true,"href":"https:\/\/www.upm.es\/recursosidi\/wp-json\/wp\/v2\/donde?post=8821"},{"taxonomy":"infraestructura","embeddable":true,"href":"https:\/\/www.upm.es\/recursosidi\/wp-json\/wp\/v2\/infraestructura?post=8821"},{"taxonomy":"ods","embeddable":true,"href":"https:\/\/www.upm.es\/recursosidi\/wp-json\/wp\/v2\/ods?post=8821"},{"taxonomy":"origen","embeddable":true,"href":"https:\/\/www.upm.es\/recursosidi\/wp-json\/wp\/v2\/origen?post=8821"}],"curies":[{"name":"wp","href":"https:\/\/api.w.org\/{rel}","templated":true}]}}