{"id":8822,"date":"2021-11-25T14:24:38","date_gmt":"2021-11-25T13:24:38","guid":{"rendered":"https:\/\/www.upm.es\/recursosidi\/offers-resources\/sin%20categor\u00eda\/antena-reflectora-con-correccion-de-fase-multi-frecuencia-para-aplicaciones-espaciales-y-metodo-de-diseno-de-la-misma\/"},"modified":"2022-08-10T02:25:22","modified_gmt":"2022-08-10T00:25:22","slug":"antena-reflectora-con-correccion-de-fase-multi-frecuencia-para-aplicaciones-espaciales-y-metodo-de-diseno-de-la-misma","status":"publish","type":"product","link":"https:\/\/www.upm.es\/recursosidi\/offers-resources\/patentes\/antena-reflectora-con-correccion-de-fase-multi-frecuencia-para-aplicaciones-espaciales-y-metodo-de-diseno-de-la-misma\/","title":{"rendered":"Antena reflectora con correcci\u00f3n de fase multi-frecuencia para aplicaciones espaciales y m\u00e9todo de dise\u00f1o de la misma"},"content":{"rendered":"<h5>Descripci\u00f3n de la patente <\/h5>\n<p>Esta invenci&oacute;n consiste en una antena reflectora que<br \/>opera en varias bandas de frecuencia con diagramas<br \/>de radiaci&oacute;n mejorados en todas las bandas. La<br \/>antena tiene la superficie reflectora recubierta de una<br \/>o varias capas de diel&eacute;ctrico con peque&ntilde;os elementos<br \/>conductores. Una peque&ntilde;a parte de los elementos<br \/>conductores impresos en la superficie del reflector,<br \/>seleccionados mediante un algoritmo que depende de<br \/>varios par&aacute;metros geom&eacute;tricos, se dise&ntilde;an para<br \/>invertir la fase del campo reflejado en las bandas de<br \/>frecuencia m&aacute;s altas, sin modificar las caracter&iacute;sticas<br \/>de la antena en las bandas inferiores de frecuencia. El<br \/>resultado es una correcci&oacute;n en fase selectiva en<br \/>frecuencia que permite conformar el haz radiado o<br \/>recibido por la antena de forma independiente en<br \/>varias bandas de frecuencia. Esta invenci&oacute;n permite<br \/>dise&ntilde;ar antenas para generar una cobertura multicelular<br \/>desde un sat&eacute;lite, asegurando un tama&ntilde;o<br \/>id&eacute;ntico de las zonas de cobertura para los haces<br \/>ascendentes y descendentes.<\/p>\n<p><img fetchpriority=\"high\" decoding=\"async\" src=\"https:\/\/www.upm.es\/S2i\/Acuse\/recuperarArchivo.jsp?id=1653&amp;id_archivo=12537&amp;tipo=patente&amp;extension=imagen\" alt=\"Figura 1\" width=\"279\" height=\"363\" \/><\/p>\n<h5>Situaci\u00f3n <\/h5>\n<p>Concedida<\/p>\n<h5>N\u00famero de solicitud<\/h5>\n<p>P202030819<\/p>\n<h5>N\u00famero de publicaci\u00f3n<\/h5>\n<p>ES2791798<\/p>\n<h5>Fecha de presentaci\u00f3n <\/h5>\n<p>31\/07\/2020<\/p>\n<h5>Fecha de publicaci\u00f3n <\/h5>\n<p>05\/11\/2020<\/p>\n<h5>Fecha de concesi\u00f3n <\/h5>\n<p>01\/03\/2021<\/p>\n<div class=\"pdfprnt-buttons pdfprnt-buttons-product pdfprnt-bottom-left\"><a href=\"https:\/\/www.upm.es\/recursosidi\/wp-json\/wp\/v2\/product\/8822?print=pdf\" class=\"pdfprnt-button pdfprnt-button-pdf\" target=\"_blank\"><span class=\"pdfprnt-button-title pdfprnt-button-pdf-title\">Descargar ficha<\/span><\/a><\/div>","protected":false},"excerpt":{"rendered":"<p>Descripci\u00f3n de la patente Esta invenci&oacute;n consiste en una antena reflectora queopera en varias bandas de frecuencia con diagramasde radiaci&oacute;n mejorados en todas las bandas.&hellip;<\/p>\n","protected":false},"featured_media":0,"template":"","meta":{"_acf_changed":false},"product_cat":[3946],"product_tag":[4014,4016,4015,2792],"comunidades-upm":[],"quien":[],"mapa":[{"term_id":128,"name":"Espacio y Observaci\u00f3n de la Tierra","slug":"espacio-observacion_tierra","term_group":0,"term_taxonomy_id":128,"taxonomy":"mapa","description":"","parent":0,"count":19,"filter":"raw","term_order":"12"},{"term_id":135,"name":"Industria, materiales y econom\u00eda circular","slug":"industria-materiales-economia_circular","term_group":0,"term_taxonomy_id":135,"taxonomy":"mapa","description":"","parent":0,"count":165,"filter":"raw","term_order":"13"}],"disponibilidad":[],"donde":[{"term_id":614,"name":"Grupo de Electromagnetismo Aplicado","slug":"grupo-de-electromagnetismo-aplicado","term_group":0,"term_taxonomy_id":614,"taxonomy":"donde","description":"","parent":0,"count":14,"filter":"raw","term_order":"0"},{"term_id":642,"name":"Information Processing and Telecommunications Center (IPTC)","slug":"information-processing-and-telecommunications-center-iptc","term_group":0,"term_taxonomy_id":642,"taxonomy":"donde","description":"","parent":0,"count":74,"filter":"raw","term_order":"0"}],"infraestructura":[],"ods":[],"origen":[{"term_id":180,"name":"Patente","slug":"patente","term_group":0,"term_taxonomy_id":180,"taxonomy":"origen","description":"","parent":0,"count":614,"filter":"raw","term_order":"0"}],"familia_tax":false,"quien_tax":false,"donde_tax":false,"year":"","contacto":"<strong>Principales: <\/strong><ul><li>JOSE ANTONIO ENCINAR GARCINU\u00d1O <blockquote><strong>jose.encinar@upm.es<\/strong><\/blockquote><\/li><li>EDUARDO MARIA MARTINEZ DE RIOJA DEL NIDO <blockquote><strong>em.martinezderioja@upm.es<\/strong><\/blockquote><\/li><li>JOSE DANIEL MARTINEZ DE RIOJA DEL NIDO <blockquote><strong>jd.martinezderioja@upm.es<\/strong><\/blockquote><\/li><\/ul><strong>Otros inventores UPM: <\/strong><ul><li>Rafael Centro de I+d+i en Procesado de la Informaci\u00f3n y Telecomunicaciones (IPT)<\/li><li>Rafael Centro de I+d+i en Procesado de la Informaci\u00f3n y Telecomunicaciones (IPT)<\/li><\/ul>","telefono":"","pagina_web":"","email":"","id_ficha_portal":"1653","video":"","adjuntos":false,"adjuntos_portal":"https:\/\/www.upm.es\/S2i\/Acuse\/recuperarArchivo.jsp?id=1653&id_archivo=11958&tipo=patente&extension=fichero ","inf":false,"departamento":"","acf":[],"lang":"es","translation":{"es":8822},"_links":{"self":[{"href":"https:\/\/www.upm.es\/recursosidi\/wp-json\/wp\/v2\/product\/8822"}],"collection":[{"href":"https:\/\/www.upm.es\/recursosidi\/wp-json\/wp\/v2\/product"}],"about":[{"href":"https:\/\/www.upm.es\/recursosidi\/wp-json\/wp\/v2\/types\/product"}],"wp:attachment":[{"href":"https:\/\/www.upm.es\/recursosidi\/wp-json\/wp\/v2\/media?parent=8822"}],"wp:term":[{"taxonomy":"product_cat","embeddable":true,"href":"https:\/\/www.upm.es\/recursosidi\/wp-json\/wp\/v2\/product_cat?post=8822"},{"taxonomy":"product_tag","embeddable":true,"href":"https:\/\/www.upm.es\/recursosidi\/wp-json\/wp\/v2\/product_tag?post=8822"},{"taxonomy":"comunidad_upm","embeddable":true,"href":"https:\/\/www.upm.es\/recursosidi\/wp-json\/wp\/v2\/comunidades-upm?post=8822"},{"taxonomy":"quien","embeddable":true,"href":"https:\/\/www.upm.es\/recursosidi\/wp-json\/wp\/v2\/quien?post=8822"},{"taxonomy":"mapa","embeddable":true,"href":"https:\/\/www.upm.es\/recursosidi\/wp-json\/wp\/v2\/mapa?post=8822"},{"taxonomy":"disponibilidad","embeddable":true,"href":"https:\/\/www.upm.es\/recursosidi\/wp-json\/wp\/v2\/disponibilidad?post=8822"},{"taxonomy":"donde","embeddable":true,"href":"https:\/\/www.upm.es\/recursosidi\/wp-json\/wp\/v2\/donde?post=8822"},{"taxonomy":"infraestructura","embeddable":true,"href":"https:\/\/www.upm.es\/recursosidi\/wp-json\/wp\/v2\/infraestructura?post=8822"},{"taxonomy":"ods","embeddable":true,"href":"https:\/\/www.upm.es\/recursosidi\/wp-json\/wp\/v2\/ods?post=8822"},{"taxonomy":"origen","embeddable":true,"href":"https:\/\/www.upm.es\/recursosidi\/wp-json\/wp\/v2\/origen?post=8822"}],"curies":[{"name":"wp","href":"https:\/\/api.w.org\/{rel}","templated":true}]}}