{"id":8867,"date":"2021-11-29T14:51:25","date_gmt":"2021-11-29T13:51:25","guid":{"rendered":"https:\/\/www.upm.es\/recursosidi\/offers-resources\/sin categor\u00eda\/sistema-termodinamico-con-ciclo-cerrado-con-refrigeraciones-regenerativas-a-contracorriente-para-generar-energia-mecanica-en-uno-o-varios-ejes-a-partir-de-flujos-externos-de-fluidos-calientes\/"},"modified":"2021-11-29T14:51:25","modified_gmt":"2021-11-29T13:51:25","slug":"sistema-termodinamico-con-ciclo-cerrado-con-refrigeraciones-regenerativas-a-contracorriente-para-generar-energia-mecanica-en-uno-o-varios-ejes-a-partir-de-flujos-externos-de-fluidos-calientes","status":"publish","type":"product","link":"https:\/\/www.upm.es\/recursosidi\/offers-resources\/patentes\/sistema-termodinamico-con-ciclo-cerrado-con-refrigeraciones-regenerativas-a-contracorriente-para-generar-energia-mecanica-en-uno-o-varios-ejes-a-partir-de-flujos-externos-de-fluidos-calientes\/","title":{"rendered":"Sistema termodin\u00e1mico con ciclo cerrado, con refrigeraciones regenerativas a contracorriente, para generar energ\u00eda mec\u00e1nica en uno o varios ejes, a partir de flujos externos de fluidos calientes"},"content":{"rendered":"<h5>Descripci\u00f3n de la patente <\/h5>\n<p align=\"LEFT\">Sistema termodin&aacute;mico con ciclo cerrado, con<\/p>\n<p align=\"LEFT\">refrigeraciones regenerativas a contracorriente, para<\/p>\n<p align=\"LEFT\">generar energ&iacute;a mec&aacute;nica en uno o varios ejes, a<\/p>\n<p align=\"LEFT\">partir de flujos externos de fluidos calientes, que<\/p>\n<p align=\"LEFT\">consiste en un ciclo de generaci&oacute;n de potencia<\/p>\n<p align=\"LEFT\">mec&aacute;nica, de desarrollo dextr&oacute;giro en un diagrama<\/p>\n<p align=\"LEFT\">presi&oacute;n (en ordenadas) temperatura (en abscisas)<\/p>\n<p align=\"LEFT\">con una fase de calentamiento en un intercambiador<\/p>\n<p align=\"LEFT\">alimentado t&eacute;rmicamente por un fluido exterior, una<\/p>\n<p align=\"LEFT\">fase de m&uacute;ltiples expansiones en cascada de turbinas<\/p>\n<p align=\"LEFT\">monoetapa, y una fase de compresi&oacute;n en m&uacute;ltiples<\/p>\n<p align=\"LEFT\">compresores monoetapa, y que adem&aacute;s consta de un<\/p>\n<p align=\"LEFT\">ciclo de termorreparaci&oacute;n, que refrigera a<\/p>\n<p align=\"LEFT\">contracorriente los difusores de los compresores, en<\/p>\n<p align=\"LEFT\">paralelo entre ellos, y refrigera secuencialmente a las<\/p>\n<p align=\"LEFT\">toberas de las turbinas, de forma regenerativa,<\/p>\n<p>recuperando ese calor en el foco caliente.<\/p>\n<p><img fetchpriority=\"high\" decoding=\"async\" src=\"https:\/\/www.upm.es\/S2i\/Acuse\/recuperarArchivo.jsp?id=1625&amp;id_archivo=12557&amp;tipo=patente&amp;extension=imagen\" alt=\"Figura 9\" width=\"468\" height=\"398\" \/><\/p>\n<p>&nbsp;<\/p>\n<h5>Situaci\u00f3n <\/h5>\n<p>Concedida<\/p>\n<h5>N\u00famero de solicitud<\/h5>\n<p>P202030181<\/p>\n<h5>N\u00famero de publicaci\u00f3n<\/h5>\n<p>ES2776024<\/p>\n<h5>Fecha de presentaci\u00f3n <\/h5>\n<p>03\/03\/2020<\/p>\n<h5>Fecha de publicaci\u00f3n <\/h5>\n<p>28\/07\/2020<\/p>\n<h5>Fecha de concesi\u00f3n <\/h5>\n<p>21\/10\/2021<\/p>\n<div class=\"pdfprnt-buttons pdfprnt-buttons-product pdfprnt-bottom-left\"><a href=\"https:\/\/www.upm.es\/recursosidi\/wp-json\/wp\/v2\/product\/8867?print=pdf\" class=\"pdfprnt-button pdfprnt-button-pdf\" target=\"_blank\"><span class=\"pdfprnt-button-title pdfprnt-button-pdf-title\">Descargar ficha<\/span><\/a><\/div>","protected":false},"excerpt":{"rendered":"<p>Descripci\u00f3n de la patente Sistema termodin&aacute;mico con ciclo cerrado, con refrigeraciones regenerativas a contracorriente, para generar energ&iacute;a mec&aacute;nica en uno o varios ejes, a partir&hellip;<\/p>\n","protected":false},"featured_media":0,"template":"","meta":{"_acf_changed":false},"product_cat":[3946],"product_tag":[4188,4190,4191,4193,4187,4189,4192],"comunidades-upm":[],"quien":[],"mapa":[{"term_id":2405,"name":"Ciencia para la ingenier\u00eda y la arquitectura","slug":"ciencia-para-ingenieria-y-arquitectura","term_group":0,"term_taxonomy_id":2405,"taxonomy":"mapa","description":"","parent":0,"count":127,"filter":"raw","term_order":"7"},{"term_id":133,"name":"Clima, Energ\u00eda y Movilidad","slug":"clima-energia-movilidad","term_group":0,"term_taxonomy_id":133,"taxonomy":"mapa","description":"","parent":0,"count":129,"filter":"raw","term_order":"9"},{"term_id":135,"name":"Industria, materiales y econom\u00eda circular","slug":"industria-materiales-economia_circular","term_group":0,"term_taxonomy_id":135,"taxonomy":"mapa","description":"","parent":0,"count":165,"filter":"raw","term_order":"13"}],"disponibilidad":[],"donde":[{"term_id":238,"name":"Instituto de Fusi\u00f3n Nuclear \"Guillermo Velarde\" (IFN-GV)","slug":"instituto-de-fusion-nuclear-guillermo-velarde-ifn-gv","term_group":0,"term_taxonomy_id":238,"taxonomy":"donde","description":"","parent":0,"count":57,"filter":"raw","term_order":"0"},{"term_id":390,"name":"Thermal Energy for Sustainability","slug":"thermal-energy-for-sustainability","term_group":0,"term_taxonomy_id":390,"taxonomy":"donde","description":"","parent":0,"count":57,"filter":"raw","term_order":"0"}],"infraestructura":[],"ods":[],"origen":[{"term_id":180,"name":"Patente","slug":"patente","term_group":0,"term_taxonomy_id":180,"taxonomy":"origen","description":"","parent":0,"count":614,"filter":"raw","term_order":"0"}],"familia_tax":false,"quien_tax":false,"donde_tax":false,"year":"","contacto":"<strong>Principales: <\/strong><ul><li>JOSE MARIA MARTINEZ-VAL PE\u00d1ALOSA <blockquote><strong>josemaria.martinezval@upm.es<\/strong><\/blockquote><\/li><\/ul>","telefono":"","pagina_web":"","email":"","id_ficha_portal":"1625","video":"","adjuntos":false,"adjuntos_portal":"https:\/\/www.upm.es\/S2i\/Acuse\/recuperarArchivo.jsp?id=1625&id_archivo=12433&tipo=patente&extension=fichero ","inf":false,"departamento":"","acf":[],"lang":"es","translation":{"es":8867},"_links":{"self":[{"href":"https:\/\/www.upm.es\/recursosidi\/wp-json\/wp\/v2\/product\/8867"}],"collection":[{"href":"https:\/\/www.upm.es\/recursosidi\/wp-json\/wp\/v2\/product"}],"about":[{"href":"https:\/\/www.upm.es\/recursosidi\/wp-json\/wp\/v2\/types\/product"}],"wp:attachment":[{"href":"https:\/\/www.upm.es\/recursosidi\/wp-json\/wp\/v2\/media?parent=8867"}],"wp:term":[{"taxonomy":"product_cat","embeddable":true,"href":"https:\/\/www.upm.es\/recursosidi\/wp-json\/wp\/v2\/product_cat?post=8867"},{"taxonomy":"product_tag","embeddable":true,"href":"https:\/\/www.upm.es\/recursosidi\/wp-json\/wp\/v2\/product_tag?post=8867"},{"taxonomy":"comunidad_upm","embeddable":true,"href":"https:\/\/www.upm.es\/recursosidi\/wp-json\/wp\/v2\/comunidades-upm?post=8867"},{"taxonomy":"quien","embeddable":true,"href":"https:\/\/www.upm.es\/recursosidi\/wp-json\/wp\/v2\/quien?post=8867"},{"taxonomy":"mapa","embeddable":true,"href":"https:\/\/www.upm.es\/recursosidi\/wp-json\/wp\/v2\/mapa?post=8867"},{"taxonomy":"disponibilidad","embeddable":true,"href":"https:\/\/www.upm.es\/recursosidi\/wp-json\/wp\/v2\/disponibilidad?post=8867"},{"taxonomy":"donde","embeddable":true,"href":"https:\/\/www.upm.es\/recursosidi\/wp-json\/wp\/v2\/donde?post=8867"},{"taxonomy":"infraestructura","embeddable":true,"href":"https:\/\/www.upm.es\/recursosidi\/wp-json\/wp\/v2\/infraestructura?post=8867"},{"taxonomy":"ods","embeddable":true,"href":"https:\/\/www.upm.es\/recursosidi\/wp-json\/wp\/v2\/ods?post=8867"},{"taxonomy":"origen","embeddable":true,"href":"https:\/\/www.upm.es\/recursosidi\/wp-json\/wp\/v2\/origen?post=8867"}],"curies":[{"name":"wp","href":"https:\/\/api.w.org\/{rel}","templated":true}]}}

https://www.upm.es/recursosidi/offers-resources/sin categoría/sistema-termodinamico-con-ciclo-cerrado-con-refrigeraciones-regenerativas-a-contracorriente-para-generar-energia-mecanica-en-uno-o-varios-ejes-a-partir-de-flujos-externos-de-fluidos-calientes/

Sistema termodinámico con ciclo cerrado, con refrigeraciones regenerativas a contracorriente, para generar energía mecánica en uno o varios ejes, a partir de flujos externos de fluidos calientes

<h5>Descripción de la patente </h5>
<p align="LEFT">Sistema termodin&aacute;mico con ciclo cerrado, con</p>
<p align="LEFT">refrigeraciones regenerativas a contracorriente, para</p>
<p align="LEFT">generar energ&iacute;a mec&aacute;nica en uno o varios ejes, a</p>
<p align="LEFT">partir de flujos externos de fluidos calientes, que</p>
<p align="LEFT">consiste en un ciclo de generaci&oacute;n de potencia</p>
<p align="LEFT">mec&aacute;nica, de desarrollo dextr&oacute;giro en un diagrama</p>
<p align="LEFT">presi&oacute;n (en ordenadas) temperatura (en abscisas)</p>
<p align="LEFT">con una fase de calentamiento en un intercambiador</p>
<p align="LEFT">alimentado t&eacute;rmicamente por un fluido exterior, una</p>
<p align="LEFT">fase de m&uacute;ltiples expansiones en cascada de turbinas</p>
<p align="LEFT">monoetapa, y una fase de compresi&oacute;n en m&uacute;ltiples</p>
<p align="LEFT">compresores monoetapa, y que adem&aacute;s consta de un</p>
<p align="LEFT">ciclo de termorreparaci&oacute;n, que refrigera a</p>
<p align="LEFT">contracorriente los difusores de los compresores, en</p>
<p align="LEFT">paralelo entre ellos, y refrigera secuencialmente a las</p>
<p align="LEFT">toberas de las turbinas, de forma regenerativa,</p>
<p>recuperando ese calor en el foco caliente.</p>
<p><img fetchpriority="high" decoding="async" src="https://www.upm.es/S2i/Acuse/recuperarArchivo.jsp?id=1625&amp;id_archivo=12557&amp;tipo=patente&amp;extension=imagen" alt="Figura 9" width="468" height="398" /></p>
<p>&nbsp;</p>
<h5>Situación </h5>
<p>Concedida</p>
<h5>Número de solicitud</h5>
<p>P202030181</p>
<h5>Número de publicación</h5>
<p>ES2776024</p>
<h5>Fecha de presentación </h5>
<p>03/03/2020</p>
<h5>Fecha de publicación </h5>
<p>28/07/2020</p>
<h5>Fecha de concesión </h5>
<p>21/10/2021</p>
<div class="pdfprnt-buttons pdfprnt-buttons-product pdfprnt-bottom-left"><a href="https://www.upm.es/recursosidi/wp-json/wp/v2/product/8867?print=pdf" class="pdfprnt-button pdfprnt-button-pdf" target="_blank"><span class="pdfprnt-button-title pdfprnt-button-pdf-title">Descargar ficha</span></a></div>

<p>Descripción de la patente Sistema termodin&aacute;mico con ciclo cerrado, con refrigeraciones regenerativas a contracorriente, para generar energ&iacute;a mec&aacute;nica en uno o varios ejes, a partir&hellip;</p>

Ciencia para la ingeniería y la arquitectura

Clima, Energía y Movilidad

Industria, materiales y economía circular

Instituto de Fusión Nuclear "Guillermo Velarde" (IFN-GV)

<strong>Principales: </strong><ul><li>JOSE MARIA MARTINEZ-VAL PEÑALOSA <blockquote><strong>josemaria.martinezval@upm.es</strong></blockquote></li></ul>
