{"id":8869,"date":"2021-11-29T15:01:09","date_gmt":"2021-11-29T14:01:09","guid":{"rendered":"https:\/\/www.upm.es\/recursosidi\/offers-resources\/sin%20categor\u00eda\/dispositivo-elastico-con-rigidez-variableactuador-con-rigidez-variable-y-acoplamiento-con-rigidez-variable\/"},"modified":"2022-08-10T02:25:19","modified_gmt":"2022-08-10T00:25:19","slug":"dispositivo-elastico-con-rigidez-variableactuador-con-rigidez-variable-y-acoplamiento-con-rigidez-variable","status":"publish","type":"product","link":"https:\/\/www.upm.es\/recursosidi\/offers-resources\/patentes\/dispositivo-elastico-con-rigidez-variableactuador-con-rigidez-variable-y-acoplamiento-con-rigidez-variable\/","title":{"rendered":"DISPOSITIVO EL\u00c1STICO CON RIGIDEZ VARIABLE,ACTUADOR CON RIGIDEZ VARIABLE Y ACOPLAMIENTO CON RIGIDEZ VARIABLE"},"content":{"rendered":"<h5>Descripci\u00f3n de la patente <\/h5>\n<p>Dispositivo el&aacute;stico con rigidez variable. actuador con<br \/>rigidez variable y acoplamiento con rigidez variable.<br \/>Dispositivo el&aacute;stico (10) que comprende un primer<br \/>grupo de resortes (20a) en espiral, unidos a un &aacute;rbol<br \/>(21) y configurados para acoplarse y desacoplarse<br \/>selectivamente a una primera carcasa (22a); y un<br \/>segundo grupo de resortes (20b) en espiral, unidos al<br \/>&aacute;rbol (21) y configurados para acoplarse y<br \/>desacoplarse selectivamente a una segunda carcasa<br \/>(22b); en el que est&aacute; provisto al menos un medio de<br \/>acoplamiento (24a, 24b) configurado para acoplar y<br \/>desacoplar selectivamente al menos uno de los<br \/>resortes (20a) del primer grupo a la primera carcasa<br \/>(22a) o para acoplar o desacoplar selectivamente al<br \/>menos uno de los resortes (20b) del segundo grupo a<br \/>la segunda carcasa (22b).<\/p>\n<p><img fetchpriority=\"high\" decoding=\"async\" src=\"https:\/\/www.upm.es\/S2i\/Acuse\/recuperarArchivo.jsp?id=1630&amp;id_archivo=12563&amp;tipo=patente&amp;extension=imagen\" alt=\"Figura 1\" width=\"359\" height=\"349\" \/><\/p>\n<h5>Situaci\u00f3n <\/h5>\n<p>Concedida<\/p>\n<h5>N\u00famero de solicitud<\/h5>\n<p>P202030136<\/p>\n<h5>N\u00famero de publicaci\u00f3n<\/h5>\n<p>ES2797550<\/p>\n<h5>Fecha de presentaci\u00f3n <\/h5>\n<p>18\/02\/2020<\/p>\n<h5>Fecha de publicaci\u00f3n <\/h5>\n<p>02\/12\/2020<\/p>\n<h5>Fecha de concesi\u00f3n <\/h5>\n<p>30\/03\/2021<\/p>\n<div class=\"pdfprnt-buttons pdfprnt-buttons-product pdfprnt-bottom-left\"><a href=\"https:\/\/www.upm.es\/recursosidi\/wp-json\/wp\/v2\/product\/8869?print=pdf\" class=\"pdfprnt-button pdfprnt-button-pdf\" target=\"_blank\"><span class=\"pdfprnt-button-title pdfprnt-button-pdf-title\">Descargar ficha<\/span><\/a><\/div>","protected":false},"excerpt":{"rendered":"<p>Descripci\u00f3n de la patente Dispositivo el&aacute;stico con rigidez variable. actuador conrigidez variable y acoplamiento con rigidez variable.Dispositivo el&aacute;stico (10) que comprende un primergrupo de resortes&hellip;<\/p>\n","protected":false},"featured_media":0,"template":"","meta":{"_acf_changed":false},"product_cat":[3946],"product_tag":[4185,4186],"comunidades-upm":[],"quien":[],"mapa":[{"term_id":2405,"name":"Ciencia para la ingenier\u00eda y la arquitectura","slug":"ciencia-para-ingenieria-y-arquitectura","term_group":0,"term_taxonomy_id":2405,"taxonomy":"mapa","description":"","parent":0,"count":127,"filter":"raw","term_order":"7"}],"disponibilidad":[],"donde":[{"term_id":310,"name":"GI-IM: Grupo de Investigaci\u00f3n en Ingenier\u00eda de M\u00e1quinas","slug":"gi-im-grupo-de-investigacion-en-ingenieria-de-maquinas","term_group":0,"term_taxonomy_id":310,"taxonomy":"donde","description":"","parent":0,"count":12,"filter":"raw","term_order":"0"},{"term_id":542,"name":"Grupo de An\u00e1lisis Biomec\u00e1nico","slug":"grupo-de-analisis-biomecanico","term_group":0,"term_taxonomy_id":542,"taxonomy":"donde","description":"","parent":0,"count":6,"filter":"raw","term_order":"0"}],"infraestructura":[],"ods":[],"origen":[{"term_id":180,"name":"Patente","slug":"patente","term_group":0,"term_taxonomy_id":180,"taxonomy":"origen","description":"","parent":0,"count":614,"filter":"raw","term_order":"0"}],"familia_tax":false,"quien_tax":false,"donde_tax":false,"year":"","contacto":"<strong>Principales: <\/strong><ul><li>JUAN MANUEL MU\u00d1OZ GUIJOSA <blockquote><strong>juanmanuel.munoz.guijosa@upm.es<\/strong><\/blockquote><\/li><li>ANDRES DIAZ LANTADA <blockquote><strong>andres.diaz@upm.es<\/strong><\/blockquote><\/li><li>ENRIQUE CHACON TANARRO <blockquote><strong>e.chacon@upm.es<\/strong><\/blockquote><\/li><li>ENRIQUE NAVARRO CABELLO <blockquote><strong>enrique.navarro@upm.es<\/strong><\/blockquote><\/li><\/ul>","telefono":"","pagina_web":"","email":"","id_ficha_portal":"1630","video":"","adjuntos":false,"adjuntos_portal":"https:\/\/www.upm.es\/S2i\/Acuse\/recuperarArchivo.jsp?id=1630&id_archivo=12049&tipo=patente&extension=fichero ","inf":false,"departamento":"","acf":[],"lang":"es","translation":{"es":8869},"_links":{"self":[{"href":"https:\/\/www.upm.es\/recursosidi\/wp-json\/wp\/v2\/product\/8869"}],"collection":[{"href":"https:\/\/www.upm.es\/recursosidi\/wp-json\/wp\/v2\/product"}],"about":[{"href":"https:\/\/www.upm.es\/recursosidi\/wp-json\/wp\/v2\/types\/product"}],"wp:attachment":[{"href":"https:\/\/www.upm.es\/recursosidi\/wp-json\/wp\/v2\/media?parent=8869"}],"wp:term":[{"taxonomy":"product_cat","embeddable":true,"href":"https:\/\/www.upm.es\/recursosidi\/wp-json\/wp\/v2\/product_cat?post=8869"},{"taxonomy":"product_tag","embeddable":true,"href":"https:\/\/www.upm.es\/recursosidi\/wp-json\/wp\/v2\/product_tag?post=8869"},{"taxonomy":"comunidad_upm","embeddable":true,"href":"https:\/\/www.upm.es\/recursosidi\/wp-json\/wp\/v2\/comunidades-upm?post=8869"},{"taxonomy":"quien","embeddable":true,"href":"https:\/\/www.upm.es\/recursosidi\/wp-json\/wp\/v2\/quien?post=8869"},{"taxonomy":"mapa","embeddable":true,"href":"https:\/\/www.upm.es\/recursosidi\/wp-json\/wp\/v2\/mapa?post=8869"},{"taxonomy":"disponibilidad","embeddable":true,"href":"https:\/\/www.upm.es\/recursosidi\/wp-json\/wp\/v2\/disponibilidad?post=8869"},{"taxonomy":"donde","embeddable":true,"href":"https:\/\/www.upm.es\/recursosidi\/wp-json\/wp\/v2\/donde?post=8869"},{"taxonomy":"infraestructura","embeddable":true,"href":"https:\/\/www.upm.es\/recursosidi\/wp-json\/wp\/v2\/infraestructura?post=8869"},{"taxonomy":"ods","embeddable":true,"href":"https:\/\/www.upm.es\/recursosidi\/wp-json\/wp\/v2\/ods?post=8869"},{"taxonomy":"origen","embeddable":true,"href":"https:\/\/www.upm.es\/recursosidi\/wp-json\/wp\/v2\/origen?post=8869"}],"curies":[{"name":"wp","href":"https:\/\/api.w.org\/{rel}","templated":true}]}}