{"id":8873,"date":"2021-11-29T15:10:57","date_gmt":"2021-11-29T14:10:57","guid":{"rendered":"https:\/\/www.upm.es\/recursosidi\/offers-resources\/sin%20categor\u00eda\/metodo-y-sistema-para-reconocimiento-automatico-de-minerales-en-perforaciones-basado-en-imagenes-hiperespectrales\/"},"modified":"2024-06-21T02:27:40","modified_gmt":"2024-06-21T00:27:40","slug":"metodo-y-sistema-para-reconocimiento-automatico-de-minerales-en-perforaciones-basado-en-imagenes-hiperespectrales","status":"publish","type":"product","link":"https:\/\/www.upm.es\/recursosidi\/offers-resources\/patentes\/metodo-y-sistema-para-reconocimiento-automatico-de-minerales-en-perforaciones-basado-en-imagenes-hiperespectrales\/","title":{"rendered":"M\u00c9TODO Y SISTEMA PARA RECONOCIMIENTO AUTOM\u00c1TICO DE MINERALES EN PERFORACIONES BASADO EN IM\u00c1GENES HIPERESPECTRALES"},"content":{"rendered":"<h5>Descripci\u00f3n de la patente <\/h5>\n<p>La presente invenci&oacute;n se refiere a un m&eacute;todo y un sistema para reconocimiento autom&aacute;tico de minerales, integrable por ejemplo en una sonda de adquisici&oacute;n, que analiza en tiempo real las im&aacute;genes hiperespectrales capturadas por la misma usando un procedimiento basado en redes neuronales adaptadas a im&aacute;genes hiperespectrales. El entrenamiento de dichas redes neuronales se realiza usando una base de datos de im&aacute;genes hiperespectrales de minerales creada mediante la transformaci&oacute;n de muestras de datos de im&aacute;genes hiperespectrales de cajas de n&uacute;cleos perforados de minerales, adquiridas por sensores hiperespectrales.<\/p>\n<p><img fetchpriority=\"high\" decoding=\"async\" src=\"https:\/\/www.upm.es\/S2i\/Acuse\/recuperarArchivo.jsp?id=1635&amp;id_archivo=12635&amp;tipo=patente&amp;extension=imagen\" alt=\"Figura 2\" width=\"266\" height=\"262\" \/><\/p>\n<h5>Situaci\u00f3n <\/h5>\n<p>Concedida<\/p>\n<h5>N\u00famero de solicitud<\/h5>\n<p>P202031263<\/p>\n<h5>N\u00famero de publicaci\u00f3n<\/h5>\n<p>ES2872550<\/p>\n<h5>Fecha de presentaci\u00f3n <\/h5>\n<p>17\/12\/2020<\/p>\n<h5>Fecha de publicaci\u00f3n <\/h5>\n<p>02\/11\/2021<\/p>\n<h5>Fecha de concesi\u00f3n <\/h5>\n<p>04\/06\/2024<\/p>\n<h4><strong>Extensiones Internacionales<\/strong><\/h4>\n<h5>PCT<\/h5>\n<p><strong>Referencia de la solicitud: <\/strong>PCT\/ES2021\/070905 <br \/><strong>T\u00edtulo: <\/strong>M\u00c9TODO Y SISTEMA PARA RECONOCIMIENTO AUTOM\u00c1TICO DE MINERALES EN PERFORACIONES BASADO EN IM\u00c1GENES HIPERESPECTRALES<\/p>\n<div class=\"pdfprnt-buttons pdfprnt-buttons-product pdfprnt-bottom-left\"><a href=\"https:\/\/www.upm.es\/recursosidi\/wp-json\/wp\/v2\/product\/8873?print=pdf\" class=\"pdfprnt-button pdfprnt-button-pdf\" target=\"_blank\"><span class=\"pdfprnt-button-title pdfprnt-button-pdf-title\">Descargar ficha<\/span><\/a><\/div>","protected":false},"excerpt":{"rendered":"<p>Descripci\u00f3n de la patente La presente invenci&oacute;n se refiere a un m&eacute;todo y un sistema para reconocimiento autom&aacute;tico de minerales, integrable por ejemplo en una&hellip;<\/p>\n","protected":false},"featured_media":0,"template":"","meta":{"_acf_changed":false},"product_cat":[3946],"product_tag":[4330,4328,4329,4327,4331],"comunidades-upm":[],"quien":[],"mapa":[{"term_id":139,"name":"Agricultura, silvicultura, recursos naturales, usos de la tierra y crecimiento azul","slug":"agricultura-silvicultura-recursos_naturales-usos_tierra-crecimiento_azul","term_group":0,"term_taxonomy_id":139,"taxonomy":"mapa","description":"","parent":0,"count":43,"filter":"raw","term_order":"2"},{"term_id":135,"name":"Industria, materiales y econom\u00eda circular","slug":"industria-materiales-economia_circular","term_group":0,"term_taxonomy_id":135,"taxonomy":"mapa","description":"","parent":0,"count":165,"filter":"raw","term_order":"13"},{"term_id":126,"name":"Tecnolog\u00edas digitales, Inteligencia Artificial, ciberseguridad, 5G, rob\u00f3tica","slug":"tecnologias_digitales-ai-ciberseguridad-5g-robotica","term_group":0,"term_taxonomy_id":126,"taxonomy":"mapa","description":"","parent":0,"count":194,"filter":"raw","term_order":"23"}],"disponibilidad":[],"donde":[{"term_id":456,"name":"Grupo de Tratamiento de Im\u00e1genes (GTI)","slug":"grupo-de-tratamiento-de-imagenes-gti","term_group":0,"term_taxonomy_id":456,"taxonomy":"donde","description":"Hacemos I+D+i sobre teor&iacute;a, m&eacute;todos y aplicaciones del tratamiento digital de im&aacute;genes, orientados fundamentalmente a la compresi&oacute;n y al an&aacute;lisis. Tratamos tanto temas espec&iacute;ficos relacionados con las im&aacute;genes, como sistemas completos en los que el tratamiento de im&aacute;genes tiene una importancia crucial.\n&nbsp;\nNuestras l&iacute;neas de investigaci&oacute;n se pueden resumir en:\n&nbsp;\n\nAn&aacute;lisis de im&aacute;genes y v&iacute;deo para extracci&oacute;n de caracter&iacute;sticas\nTelevisi&oacute;n, televisi&oacute;n 3D y televisi&oacute;n de ultra alta definici&oacute;n (UHD, 4K)\nGr&aacute;ficos 3D y realidad aumentada\nAutocalibraci&oacute;n de c&aacute;maras\nTeor&iacute;a y m&eacute;todos de tratamiento digital de im&aacute;genes\nCodificaci&oacute;n y transmisi&oacute;n de informaci&oacute;n visual\nExtracci&oacute;n de informaci&oacute;n tridimensional\n\n&nbsp;\n&nbsp;","parent":0,"count":7,"filter":"raw","term_order":"0"},{"term_id":642,"name":"Information Processing and Telecommunications Center (IPTC)","slug":"information-processing-and-telecommunications-center-iptc","term_group":0,"term_taxonomy_id":642,"taxonomy":"donde","description":"","parent":0,"count":74,"filter":"raw","term_order":"0"}],"infraestructura":[],"ods":[],"origen":[{"term_id":180,"name":"Patente","slug":"patente","term_group":0,"term_taxonomy_id":180,"taxonomy":"origen","description":"","parent":0,"count":614,"filter":"raw","term_order":"0"}],"familia_tax":false,"quien_tax":false,"donde_tax":false,"year":"0000-00-00","contacto":"<strong>Principales: <\/strong><ul><li>ANDRES BELL NAVAS <blockquote><strong>a.bell@upm.es<\/strong><\/blockquote><\/li><li>CARLOS ROBERTO DEL BLANCO ADAN <blockquote><strong>carlosrob.delblanco@upm.es<\/strong><\/blockquote><\/li><li>FERNANDO JAUREGUIZAR NU\u00d1EZ <blockquote><strong>fernando.jaureguizar@upm.es<\/strong><\/blockquote><\/li><li>NARCISO GARCIA SANTOS <blockquote><strong>narciso.garcia@upm.es<\/strong><\/blockquote><\/li><\/ul><strong>Otros inventores: <\/strong><ul><li>Mar\u00eda Jos\u00e9 Jurado Rodr\u00edguez CSIC - Consejo Superior de Investigaciones Cient\u00edficas<\/li> <\/ul>","telefono":"","pagina_web":"","email":"","id_ficha_portal":"1635","video":"","adjuntos":false,"adjuntos_portal":"https:\/\/www.upm.es\/S2i\/Acuse\/recuperarArchivo.jsp?id=1635&id_archivo=14591&tipo=patente&extension=fichero ","inf":false,"departamento":"","acf":[],"lang":"es","translation":{"es":8873},"_links":{"self":[{"href":"https:\/\/www.upm.es\/recursosidi\/wp-json\/wp\/v2\/product\/8873"}],"collection":[{"href":"https:\/\/www.upm.es\/recursosidi\/wp-json\/wp\/v2\/product"}],"about":[{"href":"https:\/\/www.upm.es\/recursosidi\/wp-json\/wp\/v2\/types\/product"}],"wp:attachment":[{"href":"https:\/\/www.upm.es\/recursosidi\/wp-json\/wp\/v2\/media?parent=8873"}],"wp:term":[{"taxonomy":"product_cat","embeddable":true,"href":"https:\/\/www.upm.es\/recursosidi\/wp-json\/wp\/v2\/product_cat?post=8873"},{"taxonomy":"product_tag","embeddable":true,"href":"https:\/\/www.upm.es\/recursosidi\/wp-json\/wp\/v2\/product_tag?post=8873"},{"taxonomy":"comunidad_upm","embeddable":true,"href":"https:\/\/www.upm.es\/recursosidi\/wp-json\/wp\/v2\/comunidades-upm?post=8873"},{"taxonomy":"quien","embeddable":true,"href":"https:\/\/www.upm.es\/recursosidi\/wp-json\/wp\/v2\/quien?post=8873"},{"taxonomy":"mapa","embeddable":true,"href":"https:\/\/www.upm.es\/recursosidi\/wp-json\/wp\/v2\/mapa?post=8873"},{"taxonomy":"disponibilidad","embeddable":true,"href":"https:\/\/www.upm.es\/recursosidi\/wp-json\/wp\/v2\/disponibilidad?post=8873"},{"taxonomy":"donde","embeddable":true,"href":"https:\/\/www.upm.es\/recursosidi\/wp-json\/wp\/v2\/donde?post=8873"},{"taxonomy":"infraestructura","embeddable":true,"href":"https:\/\/www.upm.es\/recursosidi\/wp-json\/wp\/v2\/infraestructura?post=8873"},{"taxonomy":"ods","embeddable":true,"href":"https:\/\/www.upm.es\/recursosidi\/wp-json\/wp\/v2\/ods?post=8873"},{"taxonomy":"origen","embeddable":true,"href":"https:\/\/www.upm.es\/recursosidi\/wp-json\/wp\/v2\/origen?post=8873"}],"curies":[{"name":"wp","href":"https:\/\/api.w.org\/{rel}","templated":true}]}}