{"id":8876,"date":"2021-11-30T07:57:27","date_gmt":"2021-11-30T06:57:27","guid":{"rendered":"https:\/\/www.upm.es\/recursosidi\/offers-resources\/sin%20categor\u00eda\/receptor-fotovoltaico-para-radiacion-solar-concentrada-mediante-reflexion-en-paralelo-a-la-luz-solar\/"},"modified":"2022-08-10T02:22:35","modified_gmt":"2022-08-10T00:22:35","slug":"receptor-fotovoltaico-para-radiacion-solar-concentrada-mediante-reflexion-en-paralelo-a-la-luz-solar","status":"publish","type":"product","link":"https:\/\/www.upm.es\/recursosidi\/offers-resources\/patentes\/receptor-fotovoltaico-para-radiacion-solar-concentrada-mediante-reflexion-en-paralelo-a-la-luz-solar\/","title":{"rendered":"RECEPTOR FOTOVOLTAICO PARA RADIACI\u00d3N SOLAR CONCENTRADA MEDIANTE REFLEXI\u00d3N EN PARALELO A LA LUZ SOLAR"},"content":{"rendered":"<h5>Descripci\u00f3n de la patente <\/h5>\n<p>Receptor fotovoltaico para radiaci&oacute;n solar<br \/>concentrada mediante reflexi&oacute;n en paralelo a la luz<br \/>solar, consistente en una estructura tridimensional<br \/>b&aacute;sicamente hueca, en la que los fotodiodos de<br \/>montan en unos bastidores de la estructura, donde se<br \/>cruzan largueros y traveseros; siendo el paso entre<br \/>traveseros igual a la anchura de los fotodiodos, y<br \/>mont&aacute;ndose los bastidores a diferentes niveles, de<br \/>modo que no est&aacute;n dos fotodiodos vecinos al mismo<br \/>nivel. Los fotodiodos se fijan mediante un fleje de<br \/>apriete en su cara posterior, el cual sirve a su vez de<br \/>aleta de refrigeraci&oacute;n.<\/p>\n<p><img fetchpriority=\"high\" decoding=\"async\" src=\"https:\/\/www.upm.es\/S2i\/Acuse\/recuperarArchivo.jsp?id=1644&amp;id_archivo=12553&amp;tipo=patente&amp;extension=imagen\" alt=\"Figura 8\" width=\"413\" height=\"395\" \/><\/p>\n<h5>Situaci\u00f3n <\/h5>\n<p>Concedida<\/p>\n<h5>N\u00famero de solicitud<\/h5>\n<p>P202030491<\/p>\n<h5>N\u00famero de publicaci\u00f3n<\/h5>\n<p>ES2772937<\/p>\n<h5>Fecha de presentaci\u00f3n <\/h5>\n<p>27\/05\/2020<\/p>\n<h5>Fecha de publicaci\u00f3n <\/h5>\n<p>08\/07\/2020<\/p>\n<h5>Fecha de concesi\u00f3n <\/h5>\n<p>17\/12\/2020<\/p>\n<div class=\"pdfprnt-buttons pdfprnt-buttons-product pdfprnt-bottom-left\"><a href=\"https:\/\/www.upm.es\/recursosidi\/wp-json\/wp\/v2\/product\/8876?print=pdf\" class=\"pdfprnt-button pdfprnt-button-pdf\" target=\"_blank\"><span class=\"pdfprnt-button-title pdfprnt-button-pdf-title\">Descargar ficha<\/span><\/a><\/div>","protected":false},"excerpt":{"rendered":"<p>Descripci\u00f3n de la patente Receptor fotovoltaico para radiaci&oacute;n solarconcentrada mediante reflexi&oacute;n en paralelo a la luzsolar, consistente en una estructura tridimensionalb&aacute;sicamente hueca, en la que&hellip;<\/p>\n","protected":false},"featured_media":0,"template":"","meta":{"_acf_changed":false},"product_cat":[3946],"product_tag":[4201,4200,4199],"comunidades-upm":[],"quien":[],"mapa":[{"term_id":2405,"name":"Ciencia para la ingenier\u00eda y la arquitectura","slug":"ciencia-para-ingenieria-y-arquitectura","term_group":0,"term_taxonomy_id":2405,"taxonomy":"mapa","description":"","parent":0,"count":127,"filter":"raw","term_order":"7"},{"term_id":133,"name":"Clima, Energ\u00eda y Movilidad","slug":"clima-energia-movilidad","term_group":0,"term_taxonomy_id":133,"taxonomy":"mapa","description":"","parent":0,"count":129,"filter":"raw","term_order":"9"},{"term_id":135,"name":"Industria, materiales y econom\u00eda circular","slug":"industria-materiales-economia_circular","term_group":0,"term_taxonomy_id":135,"taxonomy":"mapa","description":"","parent":0,"count":165,"filter":"raw","term_order":"13"}],"disponibilidad":[],"donde":[{"term_id":238,"name":"Instituto de Fusi\u00f3n Nuclear \"Guillermo Velarde\" (IFN-GV)","slug":"instituto-de-fusion-nuclear-guillermo-velarde-ifn-gv","term_group":0,"term_taxonomy_id":238,"taxonomy":"donde","description":"","parent":0,"count":57,"filter":"raw","term_order":"0"},{"term_id":390,"name":"Thermal Energy for Sustainability","slug":"thermal-energy-for-sustainability","term_group":0,"term_taxonomy_id":390,"taxonomy":"donde","description":"","parent":0,"count":57,"filter":"raw","term_order":"0"}],"infraestructura":[],"ods":[],"origen":[{"term_id":180,"name":"Patente","slug":"patente","term_group":0,"term_taxonomy_id":180,"taxonomy":"origen","description":"","parent":0,"count":614,"filter":"raw","term_order":"0"}],"familia_tax":false,"quien_tax":false,"donde_tax":false,"year":"","contacto":"<strong>Principales: <\/strong><ul><li>JOSE MARIA MARTINEZ-VAL PE\u00d1ALOSA <blockquote><strong>josemaria.martinezval@upm.es<\/strong><\/blockquote><\/li><li>JAVIER CANO NOGUERAS <blockquote><strong><\/strong><\/blockquote><\/li><\/ul><strong>Otros inventores UPM: <\/strong><ul><li>Julio San Mill\u00e1n Rodrigo<\/li><\/ul>","telefono":"","pagina_web":"","email":"","id_ficha_portal":"1644","video":"","adjuntos":false,"adjuntos_portal":"https:\/\/www.upm.es\/S2i\/Acuse\/recuperarArchivo.jsp?id=1644&id_archivo=11660&tipo=patente&extension=fichero ","inf":false,"departamento":"","acf":[],"lang":"es","translation":{"es":8876},"_links":{"self":[{"href":"https:\/\/www.upm.es\/recursosidi\/wp-json\/wp\/v2\/product\/8876"}],"collection":[{"href":"https:\/\/www.upm.es\/recursosidi\/wp-json\/wp\/v2\/product"}],"about":[{"href":"https:\/\/www.upm.es\/recursosidi\/wp-json\/wp\/v2\/types\/product"}],"wp:attachment":[{"href":"https:\/\/www.upm.es\/recursosidi\/wp-json\/wp\/v2\/media?parent=8876"}],"wp:term":[{"taxonomy":"product_cat","embeddable":true,"href":"https:\/\/www.upm.es\/recursosidi\/wp-json\/wp\/v2\/product_cat?post=8876"},{"taxonomy":"product_tag","embeddable":true,"href":"https:\/\/www.upm.es\/recursosidi\/wp-json\/wp\/v2\/product_tag?post=8876"},{"taxonomy":"comunidad_upm","embeddable":true,"href":"https:\/\/www.upm.es\/recursosidi\/wp-json\/wp\/v2\/comunidades-upm?post=8876"},{"taxonomy":"quien","embeddable":true,"href":"https:\/\/www.upm.es\/recursosidi\/wp-json\/wp\/v2\/quien?post=8876"},{"taxonomy":"mapa","embeddable":true,"href":"https:\/\/www.upm.es\/recursosidi\/wp-json\/wp\/v2\/mapa?post=8876"},{"taxonomy":"disponibilidad","embeddable":true,"href":"https:\/\/www.upm.es\/recursosidi\/wp-json\/wp\/v2\/disponibilidad?post=8876"},{"taxonomy":"donde","embeddable":true,"href":"https:\/\/www.upm.es\/recursosidi\/wp-json\/wp\/v2\/donde?post=8876"},{"taxonomy":"infraestructura","embeddable":true,"href":"https:\/\/www.upm.es\/recursosidi\/wp-json\/wp\/v2\/infraestructura?post=8876"},{"taxonomy":"ods","embeddable":true,"href":"https:\/\/www.upm.es\/recursosidi\/wp-json\/wp\/v2\/ods?post=8876"},{"taxonomy":"origen","embeddable":true,"href":"https:\/\/www.upm.es\/recursosidi\/wp-json\/wp\/v2\/origen?post=8876"}],"curies":[{"name":"wp","href":"https:\/\/api.w.org\/{rel}","templated":true}]}}

https://www.upm.es/recursosidi/offers-resources/sin%20categoría/receptor-fotovoltaico-para-radiacion-solar-concentrada-mediante-reflexion-en-paralelo-a-la-luz-solar/

RECEPTOR FOTOVOLTAICO PARA RADIACIÓN SOLAR CONCENTRADA MEDIANTE REFLEXIÓN EN PARALELO A LA LUZ SOLAR

<h5>Descripción de la patente </h5>
<p>Receptor fotovoltaico para radiaci&oacute;n solar<br />concentrada mediante reflexi&oacute;n en paralelo a la luz<br />solar, consistente en una estructura tridimensional<br />b&aacute;sicamente hueca, en la que los fotodiodos de<br />montan en unos bastidores de la estructura, donde se<br />cruzan largueros y traveseros; siendo el paso entre<br />traveseros igual a la anchura de los fotodiodos, y<br />mont&aacute;ndose los bastidores a diferentes niveles, de<br />modo que no est&aacute;n dos fotodiodos vecinos al mismo<br />nivel. Los fotodiodos se fijan mediante un fleje de<br />apriete en su cara posterior, el cual sirve a su vez de<br />aleta de refrigeraci&oacute;n.</p>
<p><img fetchpriority="high" decoding="async" src="https://www.upm.es/S2i/Acuse/recuperarArchivo.jsp?id=1644&amp;id_archivo=12553&amp;tipo=patente&amp;extension=imagen" alt="Figura 8" width="413" height="395" /></p>
<h5>Situación </h5>
<p>Concedida</p>
<h5>Número de solicitud</h5>
<p>P202030491</p>
<h5>Número de publicación</h5>
<p>ES2772937</p>
<h5>Fecha de presentación </h5>
<p>27/05/2020</p>
<h5>Fecha de publicación </h5>
<p>08/07/2020</p>
<h5>Fecha de concesión </h5>
<p>17/12/2020</p>
<div class="pdfprnt-buttons pdfprnt-buttons-product pdfprnt-bottom-left"><a href="https://www.upm.es/recursosidi/wp-json/wp/v2/product/8876?print=pdf" class="pdfprnt-button pdfprnt-button-pdf" target="_blank"><span class="pdfprnt-button-title pdfprnt-button-pdf-title">Descargar ficha</span></a></div>

<p>Descripción de la patente Receptor fotovoltaico para radiaci&oacute;n solarconcentrada mediante reflexi&oacute;n en paralelo a la luzsolar, consistente en una estructura tridimensionalb&aacute;sicamente hueca, en la que&hellip;</p>

Ciencia para la ingeniería y la arquitectura

Clima, Energía y Movilidad

Industria, materiales y economía circular

Instituto de Fusión Nuclear "Guillermo Velarde" (IFN-GV)

<strong>Principales: </strong><ul><li>JOSE MARIA MARTINEZ-VAL PEÑALOSA <blockquote><strong>josemaria.martinezval@upm.es</strong></blockquote></li><li>JAVIER CANO NOGUERAS <blockquote><strong></strong></blockquote></li></ul><strong>Otros inventores UPM: </strong><ul><li>Julio San Millán Rodrigo</li></ul>
