{"id":9504,"date":"2022-05-19T02:18:44","date_gmt":"2022-05-19T00:18:44","guid":{"rendered":"https:\/\/www.upm.es\/recursosidi\/offers-resources\/sin%20categor\u00eda\/proceso-de-valorizacion-energetica-de-corrientes-generadas-en-un-proceso-de-electrolisis-y-de-oxicombustionintegrando-la-red-de-gas-y-electricidad-y-sistema-para-llevarlo-a-cabo\/"},"modified":"2022-10-19T02:00:35","modified_gmt":"2022-10-19T00:00:35","slug":"proceso-de-valorizacion-energetica-de-corrientes-generadas-en-un-proceso-de-electrolisis-y-de-oxicombustionintegrando-la-red-de-gas-y-electricidad-y-sistema-para-llevarlo-a-cabo","status":"publish","type":"product","link":"https:\/\/www.upm.es\/recursosidi\/offers-resources\/patentes\/proceso-de-valorizacion-energetica-de-corrientes-generadas-en-un-proceso-de-electrolisis-y-de-oxicombustionintegrando-la-red-de-gas-y-electricidad-y-sistema-para-llevarlo-a-cabo\/","title":{"rendered":"PROCESO DE VALORIZACI\u00d3N ENERG\u00c9TICA DE CORRIENTES GENERADAS EN UN PROCESO DE ELECTR\u00d3LISIS Y DE OXICOMBUSTI\u00d3N,INTEGRANDO LA RED DE GAS Y ELECTRICIDAD Y SISTEMA PARA LLEVARLO A CABO"},"content":{"rendered":"<h5>Descripci\u00f3n de la patente <\/h5>\n<p>La invenci&oacute;n se refiere a un proceso y sistema de valorizaci&oacute;n energ&eacute;tica de corrientes generadas <br \/>en un proceso&nbsp; de&nbsp; electr&oacute;lisis&nbsp; y&nbsp; oxicombusti&oacute;n&nbsp; que comprende&nbsp; un&nbsp; proceso&nbsp; de&nbsp; electr&oacute;lisis&nbsp; de <br \/>&nbsp;agua alimentado mediante agua externa, agua recirculada de un proceso de oxicombusti&oacute;n y energ&iacute;a <br \/>el&eacute;ctrica procedente de la red, originando hidr&oacute;geno que se utiliza&nbsp; directamente&nbsp; o&nbsp; se&nbsp; inyecta&nbsp; <br \/>a&nbsp; la&nbsp; red&nbsp; de&nbsp; gas natural u otro combustible renovable y ox&iacute;geno que se inyecta&nbsp; como&nbsp; comburente <br \/>&nbsp;de&nbsp; un&nbsp; proceso&nbsp; de oxicombusti&oacute;n&nbsp; alimentado&nbsp; tambi&eacute;n&nbsp; mediante&nbsp; gas natural&nbsp; u&nbsp; otro&nbsp; <br \/>combustible&nbsp; de&nbsp; origen&nbsp; renovable, generando gases de escape que se recirculan hasta obtener&nbsp; una&nbsp; <br \/>&nbsp;corriente&nbsp;&nbsp; de&nbsp; alta&nbsp;&nbsp; pureza&nbsp; de CO&iquest;&nbsp; y agua,&nbsp; que&nbsp; puede&nbsp; recircularse&nbsp; al&nbsp; proceso&nbsp; de <br \/>electr&oacute;lisis, y donde parte o la totalidad de los gases de escape o vapor generado durante el <br \/>proceso de oxicombusti&oacute;n es utilizado en una turbina generando energ&iacute;a el&eacute;ctrica que es inyectada a <br \/>la red el&eacute;ctrica.<\/p>\n<h5>N\u00famero de solicitud<\/h5>\n<p>P202130403<\/p>\n<h5>N\u00famero de publicaci\u00f3n<\/h5>\n<p>ES2909796<\/p>\n<h5>Fecha de presentaci\u00f3n <\/h5>\n<p>06\/05\/2021<\/p>\n<h5>Fecha de publicaci\u00f3n <\/h5>\n<p>10\/05\/2022<\/p>\n<div class=\"pdfprnt-buttons pdfprnt-buttons-product pdfprnt-bottom-left\"><a href=\"https:\/\/www.upm.es\/recursosidi\/wp-json\/wp\/v2\/product\/9504?print=pdf\" class=\"pdfprnt-button pdfprnt-button-pdf\" target=\"_blank\"><span class=\"pdfprnt-button-title pdfprnt-button-pdf-title\">Descargar ficha<\/span><\/a><\/div>","protected":false},"excerpt":{"rendered":"<p>Descripci\u00f3n de la patente La invenci&oacute;n se refiere a un proceso y sistema de valorizaci&oacute;n energ&eacute;tica de corrientes generadas en un proceso&nbsp; de&nbsp; electr&oacute;lisis&nbsp; y&nbsp;&hellip;<\/p>\n","protected":false},"featured_media":0,"template":"","meta":{"_acf_changed":false},"product_cat":[3946],"product_tag":[],"comunidades-upm":[],"quien":[],"mapa":[],"disponibilidad":[],"donde":[{"term_id":4598,"name":"Centro Tecnol\u00f3gico de Seguridad y Calidad en Industrias Energ\u00e9ticas y Minas (TECMINERGY)","slug":"centro-tecnologico-de-seguridad-y-calidad-en-industrias-energeticas-y-minas-tecminergy","term_group":0,"term_taxonomy_id":4598,"taxonomy":"donde","description":"","parent":0,"count":8,"filter":"raw","term_order":"0"},{"term_id":404,"name":"Estudios Ambientales","slug":"estudios-ambientales","term_group":0,"term_taxonomy_id":404,"taxonomy":"donde","description":"","parent":0,"count":3,"filter":"raw","term_order":"0"},{"term_id":406,"name":"Seguridad Industrial: atm\u00f3sferas explosivas","slug":"seguridad-industrial-atmosferas-explosivas","term_group":0,"term_taxonomy_id":406,"taxonomy":"donde","description":"","parent":0,"count":4,"filter":"raw","term_order":"0"}],"infraestructura":[],"ods":[],"origen":[{"term_id":180,"name":"Patente","slug":"patente","term_group":0,"term_taxonomy_id":180,"taxonomy":"origen","description":"","parent":0,"count":614,"filter":"raw","term_order":"0"}],"familia_tax":false,"quien_tax":false,"donde_tax":false,"year":"","contacto":"<strong>Principales: <\/strong><ul><li>BERNARDO LLAMAS MOYA <blockquote><strong>bernardo.llamas@upm.es<\/strong><\/blockquote><\/li><li>ISABEL AMEZ ARENILLAS <blockquote><strong>isabel.amez@upm.es<\/strong><\/blockquote><\/li><li>MARCELO FABIAN ORTEGA ROMERO <blockquote><strong>mf.ortega@upm.es<\/strong><\/blockquote><\/li><\/ul><strong>Otros inventores: <\/strong><ul><li>Johnchamberlain NATURGY ENERGY GROUP, S.A.<\/li> <\/ul>","telefono":"","pagina_web":"","email":"","id_ficha_portal":"1743","video":"","adjuntos":false,"adjuntos_portal":"","inf":false,"departamento":"","acf":[],"lang":"es","translation":{"es":9504},"_links":{"self":[{"href":"https:\/\/www.upm.es\/recursosidi\/wp-json\/wp\/v2\/product\/9504"}],"collection":[{"href":"https:\/\/www.upm.es\/recursosidi\/wp-json\/wp\/v2\/product"}],"about":[{"href":"https:\/\/www.upm.es\/recursosidi\/wp-json\/wp\/v2\/types\/product"}],"wp:attachment":[{"href":"https:\/\/www.upm.es\/recursosidi\/wp-json\/wp\/v2\/media?parent=9504"}],"wp:term":[{"taxonomy":"product_cat","embeddable":true,"href":"https:\/\/www.upm.es\/recursosidi\/wp-json\/wp\/v2\/product_cat?post=9504"},{"taxonomy":"product_tag","embeddable":true,"href":"https:\/\/www.upm.es\/recursosidi\/wp-json\/wp\/v2\/product_tag?post=9504"},{"taxonomy":"comunidad_upm","embeddable":true,"href":"https:\/\/www.upm.es\/recursosidi\/wp-json\/wp\/v2\/comunidades-upm?post=9504"},{"taxonomy":"quien","embeddable":true,"href":"https:\/\/www.upm.es\/recursosidi\/wp-json\/wp\/v2\/quien?post=9504"},{"taxonomy":"mapa","embeddable":true,"href":"https:\/\/www.upm.es\/recursosidi\/wp-json\/wp\/v2\/mapa?post=9504"},{"taxonomy":"disponibilidad","embeddable":true,"href":"https:\/\/www.upm.es\/recursosidi\/wp-json\/wp\/v2\/disponibilidad?post=9504"},{"taxonomy":"donde","embeddable":true,"href":"https:\/\/www.upm.es\/recursosidi\/wp-json\/wp\/v2\/donde?post=9504"},{"taxonomy":"infraestructura","embeddable":true,"href":"https:\/\/www.upm.es\/recursosidi\/wp-json\/wp\/v2\/infraestructura?post=9504"},{"taxonomy":"ods","embeddable":true,"href":"https:\/\/www.upm.es\/recursosidi\/wp-json\/wp\/v2\/ods?post=9504"},{"taxonomy":"origen","embeddable":true,"href":"https:\/\/www.upm.es\/recursosidi\/wp-json\/wp\/v2\/origen?post=9504"}],"curies":[{"name":"wp","href":"https:\/\/api.w.org\/{rel}","templated":true}]}}